 the remainder when j is divided by 4.
0
Let y = 5329 - 1093. What is the remainder when y is divided by 9?
6
Let j be (-2)/9 + (-4 - (-872)/36). Suppose 3*g - j = -g, 4*g = m - 45. What is the remainder when m is divided by 6?
5
Let u = 176 - 73. Let t = -97 + u. Let y(a) = -2*a**3 + 12*a**2 - 2*a + 14. Calculate the remainder when 25 is divided by y(t).
1
Let y = 11 + -6. Suppose -4*d + 76 - 4 = r, -2*r + 5*d = -183. Suppose 6*q = v + 4*q - r, 0 = -y*v - q + 365. What is the remainder when v is divided by 11?
8
Let t be 6/(-8) + 595/20. Suppose -18 = n - t. Suppose 0*q - 20 = -q. Calculate the remainder when q is divided by n.
9
Suppose -2*n + 16 = 6*n. Let a be (-812)/(-112) - n/8. Suppose -a*y + 11*y - 12 = 0. Calculate the remainder when 6 is divided by y.
0
Suppose -2*y - 9 + 864 = o, o - 847 = -4*y. Calculate the remainder when o is divided by 102.
47
Calculate the remainder when 1176/(-980)*(-410)/6 is divided by 39.
4
Let n be ((-220)/(-9))/5 + (-1)/(-9). Suppose j + 6*i - 9*i - 1 = 0, -4*j + 55 = n*i. What is the remainder when 569 is divided by j?
9
Suppose -16*k + 11596 = 10236. What is the remainder when 212 is divided by k?
42
What is the remainder when 125 is divided by 1*-1 + -576 + 596?
11
Let t = 224 - 221. Suppose -t*k = 5*z - 416, -2*z - 714 = -15*k + 10*k. Calculate the remainder when k is divided by 8.
6
Let j = 454 - 374. Suppose 4*c = 4*k - j, -4*k = 18*c - 23*c - 81. What is the remainder when 112 is divided by k?
17
Let u(q) = q**3 - 36*q**2 + 3*q - 42. Let m be u(36). Calculate the remainder when -3 + (1 - m/(-6)) is divided by 5.
4
Suppose 588*o + 18 = 590*o. Suppose 10*n - 26 = o*n - i, -4*n + 119 = -i. What is the remainder when 44 is divided by n?
15
Suppose -i - 2 = 10. Let a = 305 + -287. What is the remainder when (4 + 68/i)/((-3)/a) is divided by 4?
2
Suppose 0 = -2*w + 2, -2*w + 8298 + 74 = 5*q. Calculate the remainder when q is divided by 240.
234
What is the remainder when (3 - (-11991 - 26)) + 0 + (0 - 4) is divided by 119?
116
Let o(b) = 60*b**2 + b + 1. Suppose 5550 = 160*l - 1330. Calculate the remainder when o(1) is divided by l.
19
Let z(c) = -27*c - 463. Let b = 346 - 368. What is the remainder when z(b) is divided by 27?
23
Let s be (-794)/(-6) + -7 - 2/6. Suppose -k = i + k - 47, 3*i - s = -2*k. Calculate the remainder when i is divided by 11.
6
Let m(l) = l**3 - 5*l**2 + 3*l - 2. Let g be (-3)/4 - (2 - 245/28). Let d be m(g). Calculate the remainder when (-8)/d + 4918/26 is divided by 48.
45
Let q be 154 + -1 + 6 + -2. Suppose -q = -4*m - 49. Suppose 0 = 772*k - 781*k + 945. Calculate the remainder when k is divided by m.
24
Let g(o) = 2*o**2 + 62*o + 65. Let v(k) = -30*k**3 + 2*k**2 - 2. Let i be v(1). Let c = -14 + 45. Calculate the remainder when c is divided by g(i).
1
Let c = 2 + 8. Suppose c*t = 22 + 48. Let j(m) = m**2 + 10*m - 23. What is the remainder when j(-14) is divided by t?
5
Let w(r) = -43*r + 3534. Calculate the remainder when w(51) is divided by 33.
21
Suppose 0 = -4*i - i + 3*i. Let w be 8 + i + -1*4. Let x(n) = 2*n**2 - 6*n - 4. What is the remainder when 9 is divided by x(w)?
1
Let i(f) = 4*f**3 - 49*f**2 + 152*f - 18. Calculate the remainder when 143 is divided by i(3).
38
Let m(w) = 29*w - 1092. Calculate the remainder when 41 is divided by m(39).
2
Let u = 2941 + -2564. What is the remainder when u is divided by 50?
27
Let f(j) = 3*j**3 - 67*j**2 + 23*j - 8. Let c be f(22). Suppose c*h + 770 = 36*h. What is the remainder when h is divided by 23?
12
Suppose 0 = -163*h + 168*h - 115. Suppose -32*j = -26*j - 630. What is the remainder when j is divided by h?
13
Let a(y) = -10*y - 3. Suppose 4*o = -3*d - 0*o + 20, -o = d - 5. Suppose d*l + 396 = 4*l. What is the remainder when l is divided by a(-2)?
14
Let c(l) = 19*l**2 - 58*l + 74. Calculate the remainder when 1486 is divided by c(3).
66
Suppose 68*q + 85*q - 658 = 106*q. Let t(s) = 3*s**3 - 3*s**2 + s - 3. Calculate the remainder when t(3) is divided by q.
12
Let g = 108 + -56. Suppose 9*y = 13*y - 92. Suppose -3*h - 4*w = -25, 3*h + 3*w = -2*w + y. Calculate the remainder when g is divided by h.
8
Let n(z) = -27*z**2 - 2944*z - 66. Calculate the remainder when 4813 is divided by n(-109).
40
What is the remainder when -9 + ((-45)/(-15))/((-6)/(-206)) is divided by 18?
4
Let s = -46 + 2. Calculate the remainder when (4/(-6))/(2*10/(-1290)) is divided by (s/(-10))/((-16)/(-40)).
10
Let z = 131876 + -131863. What is the remainder when 12/(-5)*15/(-1) is divided by z?
10
Suppose 0 = h + 5*q - 64, 5*h - 289 = 12*q - 6*q. Calculate the remainder when 368 is divided by h.
14
Suppose i = 3*k + 114, 0 = -2*k - k + 12. Calculate the remainder when 162 is divided by i.
36
What is the remainder when ((-74)/296)/(3/(-2268)) is divided by 42?
21
Suppose 319*n + 1479 = 6731 + 6551. Calculate the remainder when 947 is divided by n.
22
Suppose 4*w - 21 = 11. Suppose -i - 2*s + 20 = 0, 3*i = 7*s - 11*s + 58. What is the remainder when i is divided by w?
2
Let u(m) = 8*m**3 + 3*m**2 + m - 1. Let t be u(-1). Let p(z) = -2*z**3 - 7*z**2 + 22*z - 6. Calculate the remainder when p(t) is divided by 37.
35
Let s(x) = x**2 + 181*x + 6229. What is the remainder when 2388 is divided by s(-46)?
13
Let n(v) = v**3 - 10*v + 3. Calculate the remainder when n(7) is divided by 10.
6
Suppose -k = 3*r - 5*r + 92, -4*k = 3*r - 160. Calculate the remainder when 85 + -3*2/(-6) is divided by (-400)/r*(0 - 9/5).
11
Suppose -r - m = -42, -m = -4*r + 3*m + 208. What is the remainder when r is divided by (-140)/(-105) - (-296)/12?
21
Let b(f) be the third derivative of -7*f**4/24 + 32*f**3/3 + 10*f**2 - 7. Calculate the remainder when 86 is divided by b(8).
6
Let j be (-6)/9*3 + 133*1. Let x = 146 - j. Calculate the remainder when 287 is divided by -4*20/8*(-48)/x.
31
Suppose 5*h + 25 = 3*i, -5*h - 4 = 6. Suppose 0 = -3*m + 5*b + 34, i*b + 11 = -3*m + b. Calculate the remainder when 36 is divided by m.
0
Let d(l) = 4*l**2 - 6*l - 5. Let q be d(4). Suppose -1173 = 12*a - q*a. What is the remainder when 151 is divided by a?
49
Calculate the remainder when 111 is divided by (-263)/(-5) + (-156)/(-390).
5
Suppose 53*h - 230 = 276 + 660. Calculate the remainder when 506 is divided by h.
0
Suppose 5*b - 31*h = -30*h + 2675, b = -2*h + 546. What is the remainder when b is divided by 18?
14
Let o(b) be the first derivative of -2*b**2 - 10*b + 5. Let w be o(-2). Calculate the remainder when 3*((-76)/(-6) - 0) - w is divided by 21.
19
Suppose 155 = 4*g + s - 1912, g = 4*s + 504. Let y = g - 435. Calculate the remainder when y is divided by 12.
9
Let d = 56 - 77. Let v(g) = -g**3 - 21*g**2 + g + 23. Let k be v(d). What is the remainder when 26 is divided by (18/k)/(1 + 0)?
8
Let t(y) = -y**2 - 45*y - 315. Calculate the remainder when 110 is divided by t(-10).
5
Let i be 0/((18/(-3))/2). Suppose h - 2*h + 5 = i. Suppose 19*v - 498 - 509 = 0. What is the remainder when v is divided by h?
3
Let o be 5/(120/(-2))*-4*597. Let b = o - 76. Calculate the remainder when b is divided by 34.
21
What is the remainder when 680 is divided by ((-3411)/(-39))/3 - (-11 + 435/39)?
13
Let t = -86 - -44. Let f be (6/10)/(3 + t/15). Suppose -f*u = 3*w + w - 29, -3*w - 22 = -4*u. What is the remainder when u is divided by 3?
1
Suppose 21*a - 23*a + 632 = 0. Let q = -225 + a. What is the remainder when q is divided by 13?
0
What is the remainder when (-203910)/(-50) + 5*8/50 is divided by 204?
203
Suppose -4*b = -3*u - 209, -u - 6 = -7*u. Calculate the remainder when b is divided by 23.
7
What is the remainder when -6*2/84*-2177 - 2*1 is divided by 39?
36
Let s = 1002 + -672. What is the remainder when s is divided by 329?
1
Suppose -h + 24 = 22, -5*a + h = -1358. What is the remainder when a is divided by 81?
29
Let b be (-4)/(7/(-65 - -2)). Suppose -b*o = -42*o + 84. What is the remainder when o is divided by 5?
4
Suppose 309 = 2*s + 3*f, -2*s - 4*f - 807 = -7*s. What is the remainder when s is divided by 51/2 - (-495)/(-198)?
21
Let o(s) = s + 18. Suppose y - 45 = 4*g + 2*y, -4*y + 12 = 0. Let a be o(g). Let m = a + 14. What is the remainder when 79 is divided by m?
19
Suppose z = -4*l - 104, 5*l + z + 64 = -67. Let q = l + 44. Suppose 11*g = 4*f + 9*g - 246, 4*g + 20 = 0. What is the remaind